 3?
True
Is 11 a factor of 180598506?
True
Does 55 divide 380269780?
True
Does 9 divide 13233204?
True
Does 12 divide 117969804?
True
Does 29 divide 1391573410?
True
Is 23 a factor of 32526968?
True
Does 793 divide 48404720?
True
Is 1568350 a multiple of 14?
True
Does 11 divide 680811054?
True
Is 123 a factor of 192776155?
False
Does 2522 divide 206289512?
True
Does 413 divide 235525411?
False
Is 238506999 a multiple of 141?
True
Does 128 divide 60775040?
True
Is 438 a factor of 73658022?
True
Is 2799 a factor of 151484679?
True
Is 1902 a factor of 53450004?
True
Is 165434013 a multiple of 12?
False
Is 317 a factor of 395921328?
False
Is 3929652 a multiple of 153?
True
Does 176 divide 16176864?
True
Is 13091448 a multiple of 8?
True
Is 3 a factor of 431955?
True
Is 43 a factor of 197858001?
False
Does 149 divide 1281934117?
False
Is 16 a factor of 178386736?
True
Does 41 divide 314820345?
True
Does 265 divide 447323710?
True
Does 4 divide 10860220?
True
Does 91 divide 99979789?
True
Is 12900452 a multiple of 500?
False
Is 111 a factor of 10899201?
True
Is 3162304130 a multiple of 170?
True
Does 13 divide 27740331?
False
Is 41192929 a multiple of 132?
False
Is 66134218 a multiple of 158?
True
Is 38 a factor of 62042486?
True
Is 44434962 a multiple of 61?
True
Does 96 divide 1215594336?
True
Is 17 a factor of 189604162?
True
Is 345342838 a multiple of 1403?
True
Is 65324070 a multiple of 1890?
True
Is 18180120 a multiple of 140?
True
Does 21 divide 636751458?
True
Is 350 a factor of 140874300?
True
Does 482 divide 130453782?
True
Does 7 divide 529149?
False
Does 78 divide 51844182?
True
Is 92458275 a multiple of 57?
True
Does 22 divide 26779874?
True
Is 1386 a factor of 267520711?
False
Is 13591 a factor of 7133347717?
False
Is 1902 a factor of 613522434?
True
Does 274 divide 15567069?
False
Does 398 divide 170021620?
True
Is 3 a factor of 2626794?
True
Does 249 divide 6351454?
False
Is 27554127 a multiple of 6?
False
Is 8 a factor of 73407493?
False
Does 29 divide 212327415?
True
Is 590227112 a multiple of 406?
False
Is 210263816 a multiple of 31?
False
Is 499 a factor of 137196681?
False
Does 64 divide 18574080?
True
Is 5150164349 a multiple of 327?
False
Is 1375558216 a multiple of 12?
False
Does 70 divide 196577496?
False
Is 970 a factor of 51576840?
True
Does 340 divide 1962148500?
True
Is 17 a factor of 23103136?
True
Is 4256224 a multiple of 224?
True
Is 109 a factor of 4247489153?
False
Is 365760340 a multiple of 556?
False
Is 12017589 a multiple of 1139?
True
Does 14 divide 2618603240?
False
Does 1181 divide 5875475?
True
Is 343427456 a multiple of 48?
False
Is 548 a factor of 254801368?
True
Is 559947830 a multiple of 771?
False
Is 205 a factor of 1301469?
False
Does 2848 divide 310785588?
False
Does 143 divide 6508414?
False
Is 244 a factor of 4704564?
True
Does 65 divide 53747980?
True
Does 99 divide 2028845313?
True
Is 68904810 a multiple of 134?
True
Is 122725262 a multiple of 354?
False
Is 163827540 a multiple of 36?
True
Is 110 a factor of 243422520?
True
Does 5 divide 2496785?
True
Is 254 a factor of 9779065?
False
Is 116360545 a multiple of 5?
True
Is 399465036 a multiple of 10?
False
Is 27 a factor of 91179?
True
Does 9 divide 1295487567?
True
Does 16 divide 64409415?
False
Is 21092959 a multiple of 2?
False
Is 143190612 a multiple of 767?
False
Does 105 divide 654331335?
True
Does 150 divide 287740800?
True
Is 1322 a factor of 92161908?
True
Is 75841488 a multiple of 816?
True
Is 252 a factor of 2054304?
True
Is 852 a factor of 398166864?
True
Is 53192790 a multiple of 126?
True
Is 1224 a factor of 65322432?
True
Is 12 a factor of 44087127?
False
Is 142 a factor of 227449920?
True
Is 114 a factor of 5391744?
True
Is 6361539 a multiple of 2?
False
Is 13 a factor of 141596494?
True
Is 650762112 a multiple of 21?
True
Is 770556840 a multiple of 33?
False
Is 3695510 a multiple of 332?
False
Is 23 a factor of 2077537?
False
Is 3723804 a multiple of 588?
True
Is 8234 a factor of 3105700120?
True
Is 84045465 a multiple of 105?
True
Is 58 a factor of 140609979?
False
Is 313 a factor of 556648903?
True
Does 1157 divide 817531572?
True
Is 9712 a factor of 768013090?
False
Does 24 divide 167817648?
True
Is 901 a factor of 276067147?
False
Is 104278867 a multiple of 319?
True
Does 72 divide 198681048?
True
Is 497 a factor of 18232905?
False
Is 1884 a factor of 2117495419?
False
Does 254 divide 1929706037?
False
Does 2291 divide 151206?
True
Is 6467081 a multiple of 6?
False
Does 2 divide 12431867?
False
Is 6641118 a multiple of 45?
False
Is 231327007 a multiple of 2657?
False
Is 3921 a factor of 828671982?
True
Is 65495666 a multiple of 422?
True
Does 104 divide 201913440?
False
Does 813 divide 254593426?
False
Is 5818464 a multiple of 10?
False
Does 1475 divide 151190450?
True
Is 135101571 a multiple of 3355?
False
Is 1384086190 a multiple of 16?
False
Is 370 a factor of 47237960?
False
Is 811607746 a multiple of 58?
True
Does 2 divide 31357306?
True
Is 2658 a factor of 61091472?
True
Is 897746864 a multiple of 28?
True
Is 297018666 a multiple of 1267?
False
Is 358472020 a multiple of 10?
True
Is 8321 a factor of 319684499?
True
Is 327 a factor of 339529659?
True
Does 7 divide 7102116?
True
Is 6319 a factor of 1869273942?
True
Is 558 a factor of 70607088?
True
Is 105 a factor of 61999602?
False
Is 82 a factor of 36976998?
True
Is 207273975 a multiple of 1143?
False
Is 19 a factor of 21565856?
False
Is 2155 a factor of 687279065?
True
Does 882 divide 45100880?
False
Is 51530071 a multiple of 19?
True
Does 3 divide 5041390?
False
Does 125 divide 19460995?
False
Is 550718446 a multiple of 83?
True
Is 1021669866 a multiple of 21?
True
Is 2803694 a multiple of 5?
False
Does 1738 divide 179493688?
True
Is 631 a factor of 678325?
True
Is 337630956 a multiple of 661?
False
Is 2834740734 a multiple of 166?
False
Is 1058950 a multiple of 77?
False
Does 3 divide 14150580?
True
Is 161621836 a multiple of 712?
False
Does 56 divide 364064601?
False
Is 276 a factor of 1003560564?
True
Is 137421059 a multiple of 1111?
False
Is 29734232 a multiple of 71?
True
Is 54248698 a multiple of 239?
True
Is 4 a factor of 1294156?
True
Does 213 divide 9182430?
True
Is 556411 a multiple of 142?
False
Does 36 divide 1235672805?
False
Is 54948081 a multiple of 179?
False
Is 4047 a factor of 105562078?
False
Is 655012791 a multiple of 27?
True
Is 260 a factor of 13983320?
True
Does 11 divide 5063014?
True
Is 2180 a factor of 154851987?
False
Does 3443 divide 277454155?
True
Is 157911461 a multiple of 109?
True
Is 4167382995 a multiple of 91?
False
Is 62151445 a multiple of 2545?
True
Is 164459522 a multiple of 406?
False
Does 5469 divide 1270546023?
False
Is 56 a factor of 507317664?
True
Is 2392 a factor of 1989490984?
True
Does 448 divide 20368320?
True
Is 62291074 a multiple of 1653?
False
Is 96261456 a multiple of 52?
False
Is 62155851 a multiple of 13?
False
Is 93942183 a multiple of 21?
False
Is 76 a factor of 53647412?
True
Does 10 divide 1781302260?
True
Does 116 divide 1029355812?
True
Is 724 a factor of 6691268?
False
Is 31 a factor of 107257413?
False
Does 671 divide 703336162?
False
Is 14462695 a multiple of 52?
False
Does 16 divide 463083359?
False
Is 12 a factor of 94172208?
True
Is 4346714867 a multiple of 18?
False
Is 161023863 a multiple of 203?
True
Does 138 divide 23980260?
True
Is 85 a factor of 31293970?
False
Is 391079 a multiple of 2?
False
Is 653 a factor of 16306716?
True
Is 8 a factor of 58875527?
False
Is 19849860 a multiple of 361?
False
Is 8 a factor of 2807127?
False
Does 4 divide 33197371?
False
Is 2547070580 a multiple of 2180?
True
Is 2390320416 a multiple of 1056?
True
Is 60758440 a multiple of 4?
True
Does 956 divide 33539348?
True
Is 3609308 a multiple of 52?
False
Is 1205 a factor of 25792546?
False
Does 13 divide 999496668?
False
Does 200 divide 2282814095?
False
Is 1004091686 a multiple of 118?
False
Is 517 a factor of 196331784?
True
Does 62 divide 133107363?
False
Is 6256065 a multiple of 5?
True
Is 5 a factor of 162021005?
True
Does 469 divide 2174753?
True
Is 6 a factor of 1425603538?
False
Does 2273 divide 236839781?
True
Does 334 divide 26746803?
False
Is 47 a factor of 2263060340?
True
Does 158 divide 169654238?
True
